{"id":13,"date":"2014-03-05T15:25:26","date_gmt":"2014-03-05T15:25:26","guid":{"rendered":"http:\/\/wordpress.kusyn.sk\/?page_id=13"},"modified":"2024-10-09T13:24:35","modified_gmt":"2024-10-09T12:24:35","slug":"kontakt","status":"publish","type":"page","link":"https:\/\/www.kusyn.sk\/laboratoria\/kontakt\/","title":{"rendered":"Kontakt"},"content":{"rendered":"[vc_row][vc_column]<div class=\"vcex-spacing wpex-w-100 wpex-clear\" style=\"height:20px\"><\/div>[vc_text_separator title=&#8220;Sme tu pre V\u00e1s&#8220; style=&#8220;five&#8220; element_type=&#8220;h2&#8243;]<div class=\"vcex-spacing wpex-w-100 wpex-clear\" style=\"height:20px\"><\/div>[\/vc_column][\/vc_row][vc_row][vc_column width=&#8220;1\/4&#8243;][vc_column_text]KUSYN &#8211; Laborat\u00f3rne zariadenia<br \/>\nStar\u00e1 Vajnorsk\u00e1 21<br \/>\n831 04 Bratislava<br \/>\nSlovensk\u00e1 republika[\/vc_column_text]<div class=\"vcex-module vcex-list_item wpex-max-w-100 wpex-clr wpex-mb-5\"><div class=\"vcex-list-item-inner wpex-inline-flex wpex-flex-no-wrap\"><div class=\"vcex-list-item-icon wpex-mr-10\"><div class=\"vcex-icon-wrap\" style=\"color:#1e73be;\"><span class=\"fa fa-info-circle\"><\/span><\/div><\/div><div class=\"vcex-list-item-text vcex-content wpex-flex-grow\">0903 445 999<\/div><\/div><\/div><div class=\"vcex-module vcex-list_item wpex-max-w-100 wpex-clr wpex-mb-5\"><div class=\"vcex-list-item-inner wpex-inline-flex wpex-flex-no-wrap\"><div class=\"vcex-list-item-icon wpex-mr-10\"><div class=\"vcex-icon-wrap\" style=\"color:#1e73be;\"><span class=\"fa fa-info-circle\"><\/span><\/div><\/div><div class=\"vcex-list-item-text vcex-content wpex-flex-grow\">0904 650 410<\/div><\/div><\/div><div class=\"vcex-module vcex-list_item wpex-max-w-100 wpex-clr wpex-mb-5 texttextleft\"><div class=\"vcex-list-item-inner wpex-inline-flex wpex-flex-no-wrap\"><div class=\"vcex-list-item-icon wpex-mr-10\"><div class=\"vcex-icon-wrap\" style=\"color:#1e73be;\"><span class=\"ticon ticon-envelope\"><\/span><\/div><\/div><div class=\"vcex-list-item-text vcex-content wpex-flex-grow\">kusyn@kusyn.sk<\/div><\/div><\/div><div class=\"vcex-spacing wpex-w-100 wpex-clear\" style=\"height:25px\"><\/div>[vc_text_separator title=&#8220;Faktura\u010dn\u00e9 \u00fadaje&#8220; title_align=&#8220;separator_align_left&#8220; style=&#8220;five&#8220; element_type=&#8220;h2&#8243;]<div class=\"vcex-spacing wpex-w-100 wpex-clear\" style=\"height:10px\"><\/div>[vc_column_text]\u013dubom\u00edr Kusyn &#8211; Laborat\u00f3rne zariadenia<br \/>\n\u017ditavsk\u00e1 22<br \/>\n821 07 Bratislava 214<br \/>\nSlovensk\u00e1 republika<\/p>\n<p>I\u010cO: 22 677 950<br \/>\nDI\u010c: 1020178874<br \/>\nI\u010c DPH: SK1020178874[\/vc_column_text]<div class=\"vcex-spacing wpex-w-100 wpex-clear\" style=\"height:25px\"><\/div>[vc_text_separator title=&#8220;Bankov\u00e9 spojenie&#8220; title_align=&#8220;separator_align_left&#8220; style=&#8220;five&#8220; element_type=&#8220;h2&#8243;]<div class=\"vcex-spacing wpex-w-100 wpex-clear\" style=\"height:10px\"><\/div>[vc_column_text]N\u00e1zov banky: Tatra\u00a0 banka a.s.<br \/>\n\u010c\u00edslo \u00fa\u010dtu: 2921832601\/1100<br \/>\nIBAN: SK68 1100 0000 0029 2183 2601<br \/>\nSWIFT: TATRSKBX[\/vc_column_text][\/vc_column][vc_column width=&#8220;3\/4&#8243;][vc_gmaps link=&#8220;#E-8_JTNDaWZyYW1lJTIwc3JjJTNEJTIyaHR0cHMlM0ElMkYlMkZ3d3cuZ29vZ2xlLmNvbSUyRm1hcHMlMkZlbWJlZCUzRnBiJTNEJTIxNHYxNTQ4MjI5ODU3MjAwJTIxNm04JTIxMW03JTIxMXMtVmxyZTl6b1piOF96ODJmeTk0M3d3JTIxMm0yJTIxMWQ0OC4xODc3NDU1ODA5NjQyMiUyMTJkMTcuMTc0MjMzOTY5NDg4MjMlMjEzZjMxMi45Mjg1NTM2Njc4OTglMjE0ZjMuNjMxMzI0MjU3NTMwMTY3JTIxNWYwLjc4MjA4NjU5NzQ2Mjc0NjklMjIlMjB3aWR0aCUzRCUyMjYwMCUyMiUyMGhlaWdodCUzRCUyMjQ1MCUyMiUyMGZyYW1lYm9yZGVyJTNEJTIyMCUyMiUyMHN0eWxlJTNEJTIyYm9yZGVyJTNBMCUyMiUyMGFsbG93ZnVsbHNjcmVlbiUzRSUzQyUyRmlmcmFtZSUzRQ==&#8220; size=&#8220;550&#8243; type=&#8220;m&#8220; zoom=&#8220;13&#8243; style=&#8220;&#8222;border: 0&#8222;;&#8220; src=&#8220;&#8222;https:\/\/www.google.com\/maps\/embed?pb=!1m10!1m8!1m3!1d2663.651885203145!2d17.2133491!3d48.1169507!3m2!1i1024!2i768!4f13.1!5e0!3m2!1ssk!2s!4v1394040375455&#8222;&#8220; height=&#8220;350&#8243; width=&#8220;100%&#8220; bubble=&#8220;1&#8243;][\/vc_column][\/vc_row]\n","protected":false},"excerpt":{"rendered":"<p>[vc_row][vc_column][vc_text_separator title=&#8220;Sme tu pre V\u00e1s&#8220; style=&#8220;five&#8220; element_type=&#8220;h2&#8243;][\/vc_column][\/vc_row][vc_row][vc_column width=&#8220;1\/4&#8243;][vc_column_text]KUSYN &#8211; Laborat\u00f3rne zariadenia Star\u00e1 Vajnorsk\u00e1 21 831 04 Bratislava Slovensk\u00e1 republika[\/vc_column_text][vc_text_separator title=&#8220;Faktura\u010dn\u00e9 \u00fadaje&#8220; title_align=&#8220;separator_align_left&#8220; style=&#8220;five&#8220; element_type=&#8220;h2&#8243;][vc_column_text]\u013dubom\u00edr Kusyn &#8211; Laborat\u00f3rne zariadenia \u017ditavsk\u00e1 22 821 07 Bratislava 214 Slovensk\u00e1 republika I\u010cO: 22 677 950&hellip;<\/p>\n","protected":false},"author":1,"featured_media":0,"parent":0,"menu_order":0,"comment_status":"open","ping_status":"open","template":"","meta":[],"_links":{"self":[{"href":"https:\/\/www.kusyn.sk\/laboratoria\/wp-json\/wp\/v2\/pages\/13"}],"collection":[{"href":"https:\/\/www.kusyn.sk\/laboratoria\/wp-json\/wp\/v2\/pages"}],"about":[{"href":"https:\/\/www.kusyn.sk\/laboratoria\/wp-json\/wp\/v2\/types\/page"}],"author":[{"embeddable":true,"href":"https:\/\/www.kusyn.sk\/laboratoria\/wp-json\/wp\/v2\/users\/1"}],"replies":[{"embeddable":true,"href":"https:\/\/www.kusyn.sk\/laboratoria\/wp-json\/wp\/v2\/comments?post=13"}],"version-history":[{"count":38,"href":"https:\/\/www.kusyn.sk\/laboratoria\/wp-json\/wp\/v2\/pages\/13\/revisions"}],"predecessor-version":[{"id":1125,"href":"https:\/\/www.kusyn.sk\/laboratoria\/wp-json\/wp\/v2\/pages\/13\/revisions\/1125"}],"wp:attachment":[{"href":"https:\/\/www.kusyn.sk\/laboratoria\/wp-json\/wp\/v2\/media?parent=13"}],"curies":[{"name":"wp","href":"https:\/\/api.w.org\/{rel}","templated":true}]}}